{"id":470,"date":"2025-08-12T17:57:33","date_gmt":"2025-08-12T17:57:33","guid":{"rendered":"https:\/\/esencaninternational.com\/?post_type=doktorlarimiz&#038;p=470"},"modified":"2025-08-12T17:57:42","modified_gmt":"2025-08-12T17:57:42","slug":"uzm-dr-gulten-duras-reysan","status":"publish","type":"doktorlarimiz","link":"https:\/\/esencaninternational.com\/tr\/hekimlerimiz\/uzm-dr-gulten-duras-reysan\/","title":{"rendered":"Uzm. Dr. G\u00fclten Duras Rey\u015fan"},"content":{"rendered":"\n<h3 class=\"wp-block-heading\">E\u011fitim<\/h3>\n\n\n\n<p>\u0130stanbul \u00dcniversitesi \u0130stanbul T\u0131p Fak\u00fcltesi<\/p>\n\n\n\n<p><strong>Uzmanl\u0131k:<\/strong>&nbsp;S\u00fcleymaniye Kad\u0131n Do\u011fum ve \u00c7ocuk Hastal\u0131klar\u0131 Hastanesi<\/p>\n\n\n\n<h3 class=\"wp-block-heading\">Deneyim<\/h3>\n\n\n\n<ul class=\"wp-block-list\">\n<li>Erdek Devlet Hastanesi<\/li>\n\n\n\n<li>Yenibosna Safa Hastanesi<\/li>\n\n\n\n<li>Hali\u00e7 Hastanesi<\/li>\n\n\n\n<li>Beylikd\u00fcz\u00fc Medilife Hastanesi<\/li>\n<\/ul>\n","protected":false},"excerpt":{"rendered":"<p>E\u011fitim \u0130stanbul \u00dcniversitesi \u0130stanbul T\u0131p Fak\u00fcltesi Uzmanl\u0131k:&nbsp;S\u00fcleymaniye Kad\u0131n Do\u011fum ve \u00c7ocuk Hastal\u0131klar\u0131 Hastanesi Deneyim<\/p>\n","protected":false},"featured_media":472,"template":"","uzmanlik_alani":[57],"class_list":["post-470","doktorlarimiz","type-doktorlarimiz","status-publish","has-post-thumbnail","hentry","uzmanlik_alani-cocuk-sagligi-ve-hastaliklari"],"acf":[],"_links":{"self":[{"href":"https:\/\/esencaninternational.com\/tr\/wp-json\/wp\/v2\/doktorlarimiz\/470","targetHints":{"allow":["GET"]}}],"collection":[{"href":"https:\/\/esencaninternational.com\/tr\/wp-json\/wp\/v2\/doktorlarimiz"}],"about":[{"href":"https:\/\/esencaninternational.com\/tr\/wp-json\/wp\/v2\/types\/doktorlarimiz"}],"wp:featuredmedia":[{"embeddable":true,"href":"https:\/\/esencaninternational.com\/tr\/wp-json\/wp\/v2\/media\/472"}],"wp:attachment":[{"href":"https:\/\/esencaninternational.com\/tr\/wp-json\/wp\/v2\/media?parent=470"}],"wp:term":[{"taxonomy":"uzmanlik_alani","embeddable":true,"href":"https:\/\/esencaninternational.com\/tr\/wp-json\/wp\/v2\/uzmanlik_alani?post=470"}],"curies":[{"name":"wp","href":"https:\/\/api.w.org\/{rel}","templated":true}]}}

Uzm. Dr. Gülten Duras Reyşan

<h3 class="wp-block-heading">Eğitim</h3>



<p>İstanbul Üniversitesi İstanbul Tıp Fakültesi</p>



<p><strong>Uzmanlık:</strong>&nbsp;Süleymaniye Kadın Doğum ve Çocuk Hastalıkları Hastanesi</p>



<h3 class="wp-block-heading">Deneyim</h3>



<ul class="wp-block-list">
<li>Erdek Devlet Hastanesi</li>



<li>Yenibosna Safa Hastanesi</li>



<li>Haliç Hastanesi</li>



<li>Beylikdüzü Medilife Hastanesi</li>
</ul>

<p>Eğitim İstanbul Üniversitesi İstanbul Tıp Fakültesi Uzmanlık:&nbsp;Süleymaniye Kadın Doğum ve Çocuk Hastalıkları Hastanesi Deneyim</p>
