{"id":102,"date":"2025-08-06T23:11:41","date_gmt":"2025-08-06T23:11:41","guid":{"rendered":"https:\/\/esencaninternational.com\/?page_id=102"},"modified":"2025-09-01T06:14:11","modified_gmt":"2025-09-01T06:14:11","slug":"baskanin-mesaji","status":"publish","type":"page","link":"https:\/\/esencaninternational.com\/tr\/baskanin-mesaji\/","title":{"rendered":"Y\u00f6netim Kurulu Ba\u015fkan\u0131n Mesaj\u0131"},"content":{"rendered":"\n<div class=\"wp-block-columns is-layout-flex wp-container-core-columns-is-layout-9d6595d7 wp-block-columns-is-layout-flex\">\n<div class=\"wp-block-column is-layout-flow wp-block-column-is-layout-flow\" style=\"flex-basis:55%\">\n<p>T\u00dcRK\u0130YE\u2019YE YAKI\u015eAN G\u00dc\u00c7L\u00dc B\u0130R SA\u011eLIK KOMPLEKS\u0130<\/p>\n\n\n\n<h3 class=\"wp-block-heading\">Sa\u011fl\u0131\u011f\u0131n\u0131z\u0131n G\u00fcvenilir Adresi<\/h3>\n\n\n\n<p>Hi\u00e7bir \u015feyin insan ve sa\u011fl\u0131k kadar \u00f6nemli olmad\u0131\u011f\u0131 misyonu ile sekt\u00f6rdeki varl\u0131\u011f\u0131n\u0131 s\u00fcrd\u00fcren Esencan, 2011 y\u0131l\u0131nda \u00d6zel Esencan Hastanesi\u2019nin temellerini att\u0131 ve geli\u015fen T\u00fcrkiye\u2019ye yak\u0131\u015fan g\u00fc\u00e7l\u00fc bir sa\u011fl\u0131k kompleksi olarak in\u015fa edildi. Teknolojisini, ekibini, hizmetini g\u00fc\u00e7lendirip geli\u015ftirmeyi \u00f6n planda tutan \u00d6zel Esencan Hastanesi, t\u0131bbi etik ilkelerden \u00f6d\u00fcn vermeden, geli\u015fmi\u015f teknolojisi ile 18 Kas\u0131m 2013 tarihinden itibaren hasta kabul\u00fcne devam etmekte ve sa\u011fl\u0131k standartlar\u0131n\u0131 y\u00fckseltme konusunda emin ad\u0131mlarla ilerlemektedir.<\/p>\n\n\n\n<figure class=\"wp-block-image size-large\"><img loading=\"lazy\" decoding=\"async\" width=\"341\" height=\"74\" src=\"https:\/\/esencaninternational.com\/wp-content\/uploads\/2025\/08\/signature.svg\" alt=\"\u0130mza\" class=\"wp-image-385\"\/><\/figure>\n<\/div>\n\n\n\n<div class=\"wp-block-column is-layout-flow wp-block-column-is-layout-flow\" style=\"flex-basis:45%\">\n<figure class=\"wp-block-image size-full\"><img loading=\"lazy\" decoding=\"async\" width=\"457\" height=\"519\" src=\"https:\/\/esencaninternational.com\/wp-content\/uploads\/2025\/08\/baskanin-mesaji.png\" alt=\"\" class=\"wp-image-379\" srcset=\"https:\/\/esencaninternational.com\/wp-content\/uploads\/2025\/08\/baskanin-mesaji.png 457w, https:\/\/esencaninternational.com\/wp-content\/uploads\/2025\/08\/baskanin-mesaji-264x300.png 264w\" sizes=\"auto, (max-width: 457px) 100vw, 457px\" \/><\/figure>\n<\/div>\n<\/div>\n","protected":false},"excerpt":{"rendered":"<p>T\u00dcRK\u0130YE\u2019YE YAKI\u015eAN G\u00dc\u00c7L\u00dc B\u0130R SA\u011eLIK KOMPLEKS\u0130 Sa\u011fl\u0131\u011f\u0131n\u0131z\u0131n G\u00fcvenilir Adresi Hi\u00e7bir \u015feyin insan ve sa\u011fl\u0131k kadar \u00f6nemli olmad\u0131\u011f\u0131 misyonu ile sekt\u00f6rdeki varl\u0131\u011f\u0131n\u0131 s\u00fcrd\u00fcren Esencan, 2011 y\u0131l\u0131nda \u00d6zel Esencan Hastanesi\u2019nin temellerini att\u0131 ve geli\u015fen T\u00fcrkiye\u2019ye yak\u0131\u015fan g\u00fc\u00e7l\u00fc bir sa\u011fl\u0131k kompleksi olarak in\u015fa edildi. Teknolojisini, ekibini, hizmetini g\u00fc\u00e7lendirip geli\u015ftirmeyi \u00f6n planda tutan \u00d6zel Esencan Hastanesi, t\u0131bbi etik ilkelerden [&hellip;]<\/p>\n","protected":false},"author":1,"featured_media":0,"parent":0,"menu_order":0,"comment_status":"closed","ping_status":"closed","template":"page-kurumsal.php","meta":{"inline_featured_image":false,"footnotes":""},"class_list":["post-102","page","type-page","status-publish","hentry"],"acf":[],"_links":{"self":[{"href":"https:\/\/esencaninternational.com\/tr\/wp-json\/wp\/v2\/pages\/102","targetHints":{"allow":["GET"]}}],"collection":[{"href":"https:\/\/esencaninternational.com\/tr\/wp-json\/wp\/v2\/pages"}],"about":[{"href":"https:\/\/esencaninternational.com\/tr\/wp-json\/wp\/v2\/types\/page"}],"author":[{"embeddable":true,"href":"https:\/\/esencaninternational.com\/tr\/wp-json\/wp\/v2\/users\/1"}],"replies":[{"embeddable":true,"href":"https:\/\/esencaninternational.com\/tr\/wp-json\/wp\/v2\/comments?post=102"}],"version-history":[{"count":3,"href":"https:\/\/esencaninternational.com\/tr\/wp-json\/wp\/v2\/pages\/102\/revisions"}],"predecessor-version":[{"id":1916,"href":"https:\/\/esencaninternational.com\/tr\/wp-json\/wp\/v2\/pages\/102\/revisions\/1916"}],"wp:attachment":[{"href":"https:\/\/esencaninternational.com\/tr\/wp-json\/wp\/v2\/media?parent=102"}],"curies":[{"name":"wp","href":"https:\/\/api.w.org\/{rel}","templated":true}]}}

Yönetim Kurulu Başkanın Mesajı

<div class="wp-block-columns is-layout-flex wp-container-core-columns-is-layout-9d6595d7 wp-block-columns-is-layout-flex">
<div class="wp-block-column is-layout-flow wp-block-column-is-layout-flow" style="flex-basis:55%">
<p>TÜRKİYE’YE YAKIŞAN GÜÇLÜ BİR SAĞLIK KOMPLEKSİ</p>



<h3 class="wp-block-heading">Sağlığınızın Güvenilir Adresi</h3>



<p>Hiçbir şeyin insan ve sağlık kadar önemli olmadığı misyonu ile sektördeki varlığını sürdüren Esencan, 2011 yılında Özel Esencan Hastanesi’nin temellerini attı ve gelişen Türkiye’ye yakışan güçlü bir sağlık kompleksi olarak inşa edildi. Teknolojisini, ekibini, hizmetini güçlendirip geliştirmeyi ön planda tutan Özel Esencan Hastanesi, tıbbi etik ilkelerden ödün vermeden, gelişmiş teknolojisi ile 18 Kasım 2013 tarihinden itibaren hasta kabulüne devam etmekte ve sağlık standartlarını yükseltme konusunda emin adımlarla ilerlemektedir.</p>



<figure class="wp-block-image size-large"><img loading="lazy" decoding="async" width="341" height="74" src="https://esencaninternational.com/wp-content/uploads/2025/08/signature.svg" alt="İmza" class="wp-image-385"/></figure>
</div>



<div class="wp-block-column is-layout-flow wp-block-column-is-layout-flow" style="flex-basis:45%">
<figure class="wp-block-image size-full"><img loading="lazy" decoding="async" width="457" height="519" src="https://esencaninternational.com/wp-content/uploads/2025/08/baskanin-mesaji.png" alt="" class="wp-image-379" srcset="https://esencaninternational.com/wp-content/uploads/2025/08/baskanin-mesaji.png 457w, https://esencaninternational.com/wp-content/uploads/2025/08/baskanin-mesaji-264x300.png 264w" sizes="auto, (max-width: 457px) 100vw, 457px" /></figure>
</div>
</div>

<p>TÜRKİYE’YE YAKIŞAN GÜÇLÜ BİR SAĞLIK KOMPLEKSİ Sağlığınızın Güvenilir Adresi Hiçbir şeyin insan ve sağlık kadar önemli olmadığı misyonu ile sektördeki varlığını sürdüren Esencan, 2011 yılında Özel Esencan Hastanesi’nin temellerini attı ve gelişen Türkiye’ye yakışan güçlü bir sağlık kompleksi olarak inşa edildi. Teknolojisini, ekibini, hizmetini güçlendirip geliştirmeyi ön planda tutan Özel Esencan Hastanesi, tıbbi etik ilkelerden [&hellip;]</p>
